2/(-672)). Let f(y) = 3*y. Let b(i) = -2*i - 1. Let x(z) = 4*b(z) + 3*f(z). Give x(a).
2
Let i(u) be the first derivative of -u**3/3 + u**2/2 - 42286. Suppose -1 = 3*z - 7*s + 3*s, -5*z = -2*s + 11. What is i(z)?
-12
Let v(w) = -w**3 - 8*w**2 - 7*w + 3. Let p be v(-7). Let m(h) = h - 1 - h**2 - p*h + 2*h + 2*h. Let n be (26 - 23) + (-4)/4. Determine m(n).
-1
Let u(t) = 21*t - 254. Let a = 21076 - 21064. Determine u(a).
-2
Let i(w) = -w**2 + 4*w + 138. Suppose -16*v + 21*v + 15 = -3*j, -3*v = 4*j + 31. Calculate i(j).
-2
Let i(y) = 2*y**2 - 4*y - 6. Let t(m) = -m**2 + 1. Let u(v) = i(v) + 3*t(v). Let p = 6891 + -6897. Give u(p).
-15
Let z(f) = -2*f**2 - 8*f - 7. Suppose -1842*j + 1725*j - 601 = 335. Calculate z(j).
-71
Suppose 0 = 5*m - 2*r - r - 7, 0 = 5*m + 3*r + 17. Let k(x) = 5*x + 18. Let p(y) = -y - 4. Let b(w) = k(w) + 4*p(w). What is b(m)?
1
Let i(x) = -x**2 - 7*x + 44. Let s(w) = w**3 - 86*w**2 - 269*w + 168. Let h be s(89). Give i(h).
14
Let m(f) be the first derivative of -f**3/3 - 17*f**2 + 1232*f - 12860. Determine m(22).
0
Let x(w) = -55*w + 767. Let s be x(14). Let d(r) = 3*r - 6. Let n be d(4). Let j(o) = -6*o + 11. Let q(y) = -5*y + 10. Let a(v) = n*j(v) - 7*q(v). What is a(s)?
-1
Suppose 7*y - 2*y = 10. Let l(o) = 2 - y - 2*o + 1 - 12*o. Let s = 486 + -487. Calculate l(s).
15
Let k = -1049 - -1050. Let l(j) = j**3 - j. Let s(t) = -t**2 + 0*t**3 + 4*t**2 - 3*t**3 - 1 - 5*t**2. Let y(f) = k*s(f) + 2*l(f). What is y(-2)?
3
Suppose 5*x - 17 + 20 = -3*d, 0 = 2*d - 3*x - 17. Suppose -3*o + 15 = 0, v - 27 = -0*o - d*o. Let c(t) = -t**3 + 6*t**2 + 6*t - 1. Determine c(v).
-8
Let y(n) = -2*n**3 + 93*n**2 - 48*n + 94. Let i be y(46). Let b(c) = c + 3*c + c**i - 4*c + 9*c - 3*c - 7. Calculate b(-5).
-12
Suppose -2*q - 6 = -2*b, -5*q - 6*b + b + 35 = 0. Suppose q = y, -3*p + 5*p - 4*y = -6. Let w(k) = -k - 6 + 2 - 8 + p. What is w(-7)?
-4
Let f(u) = u + 2. Let a = -75 + 129. Suppose 7*j - 4*j = a. Suppose -j = 6*m + 18. What is f(m)?
-4
Let c(d) be the third derivative of -d**6/120 - 2*d**5/15 + 7*d**4/12 + 31*d**3/6 - 50*d**2 + d + 5. Determine c(-9).
-14
Let v(k) = -2*k**3 + 11*k**2 - 6*k + 4. Let u be v(4). Let i(g) = 4*g - 6*g - 13 - 11 + u. Give i(-3).
10
Let d(j) be the second derivative of 5*j**4/4 + j**3/6 + j**2/2 - 1200*j. Let z(k) = k**3 - 10*k**2 - 10*k + 7. Let i be z(11). Let b = i - 19. What is d(b)?
15
Suppose -5*g = -3*u + 65, -5*u = 2*g + 3*g + 25. Let s(b) = 2*b**2 + 16*b - 27. Calculate s(g).
13
Let q(t) be the first derivative of -6*t**2 + 114*t + 2107. Give q(10).
-6
Let o(q) = -377*q + 26 + 378*q - 24. Let n = -13 - -8. Let v = n + -1. Determine o(v).
-4
Let s(n) = n + 20. Let h(t) = -2*t - 41. Let b(p) = -3*h(p) - 7*s(p). Suppose 2*u + 4*y - 8 + 4 = 0, 2*u - 4 = 4*y. Let c = u - 2. What is b(c)?
-17
Let x(c) be the second derivative of 0*c**2 + 0 - c**4 + 1/360*c**6 - 21*c - 1/120*c**5 - 3/2*c**3. Let q(z) be the second derivative of x(z). Calculate q(0).
-24
Let p(k) = 0*k - 1 - k - 8. Let z be -58 - (6/18)/((-1)/6). Let n = z + 46. Determine p(n).
1
Suppose 3*o + 3*c - 18 = 0, -7*c = 2*o - 8*c + 3. Let z(d) be the third derivative of -d**4/8 + d**3/6 + 9*d**2. Calculate z(o).
-2
Let s(l) be the third derivative of -l**5/60 + l**4/4 - l**3/2 + 1441*l**2 + l. Let y be 2/11 + 42/11. Calculate s(y).
5
Let w = -70 - -54. Let x be 81/(-12) - (108/w)/9. Let c(h) = 2*h**3 + 13*h**2 + 7*h + 11. Let f be c(x). Let d(m) = -m + 5. Determine d(f).
0
Let f = -3852 - -3835. Let w(p) be the first derivative of p**4/4 + 6*p**3 + 17*p**2/2 - 5*p + 7. What is w(f)?
-5
Let x(v) = 4*v**3 - 7*v**2 + 17*v + 4. Let y(p) = 5*p**3 - 7*p**2 + 21*p + 5. Suppose 31*u - 118 = 6. Let s(i) = u*x(i) - 3*y(i). Determine s(6).
-5
Let z(b) = -68*b + 1063. Let m(l) = 23*l - 373. Let g(v) = -17*m(v) - 6*z(v). Determine g(4).
31
Let j(z) = -43*z. Suppose -3*u = 4*t + 10*u - 35, -2*u + 1 = 5*t. What is j(t)?
43
Let z(l) = -l**2 + 22*l - 42. Let u be z(18). Suppose 3*t + 12 - u = 0. Let n(v) = -3*v - 7. Give n(t).
-25
Let u(f) be the third derivative of 11*f**4/12 - 13*f**3/3 + 3*f**2 - 78*f + 2. Determine u(4).
62
Let w(a) be the second derivative of -1/6*a**3 - 153 - a - a**2. Let j = 8 - 15. Calculate w(j).
5
Suppose 0 = 60*x - 27 - 20 - 13. Let v(d) = -10*d**2 - d. Calculate v(x).
-11
Let g(o) = -11*o + 375 - 372 + 0*o**3 + 25*o**2 + o**3 + 2*o**2 + 83*o. Determine g(-24).
3
Let v(t) = -t - 6. Suppose -b + 4 = -2*b. Let x be v(b). Let a(s) = 76 + 3*s**2 - 21*s**3 - 74 + 4*s + 23*s**3. What is a(x)?
-10
Let d = 17243 - 17243. Let w(m) be the third derivative of 1/30*m**5 + d*m + 0 + 1/6*m**3 + 8*m**2 + 5/24*m**4 - 1/120*m**6. Determine w(4).
-11
Let y(s) = -s**2 + 5*s + 6. Suppose -118*c = -120*c + 66. Let v be -2 + (-4)/(-3) + 187/c. Give y(v).
6
Suppose 0 = -29*k - 27 - 2. Let q(t) = 3 + 0*t - t - t - 5*t**2 - 4. What is q(k)?
-4
Let t be (-79)/2*(-1 + -1). Let d(l) = -6 + 80*l - t*l - 1. Suppose -16*w + 40 = -56. Determine d(w).
-1
Let b(x) = 6*x**2 - 3*x + 2. Let d be (-7)/(2/(-4)*2/1). Suppose 0 = -2*m + 4*a - 16, 2*m + 2*m = 3*a - d. Calculate b(m).
20
Let v(n) = 8 + 4*n**2 + 167*n**3 - 92*n**3 - 74*n**3. Determine v(-5).
-17
Let k(b) be the second derivative of b**7/2520 - 7*b**6/720 + b**5/120 + 27*b**4/2 - 7*b - 17. Let n(a) be the third derivative of k(a). What is n(7)?
1
Let m(r) = -280*r. Let w(h) = -33*h. Suppose 3*t + 2*l - 668 = 0, t - 2*l - 266 = -46. Suppose 5*i + 12 = t. Let k(j) = i*w(j) - 5*m(j). Determine k(-1).
-14
Let g(l) = -8 + 41*l - 112*l + 3*l**3 - 2*l**3 - 9*l**2 + 74*l. Give g(9).
19
Let x(f) = 7 - 2 - 9 + 0 - f**2 - 27*f + 36*f. Let b(d) = 8*d**3 - 3*d**2 + 4*d - 2. Let g be b(1). Give x(g).
10
Suppose 2*x + y = -27, x - 10*y = -12*y - 18. Let l(m) = -3*m + 5. Give l(x).
41
Suppose -2*t = -4*t + 5*d + 232, 0 = t + 2*d - 116. Let v = 121 - t. Let j(m) = -4*m - 7. Determine j(v).
-27
Let y = 16 + -10. Suppose y*z + 4 = -2. Let g be z*(3/2)/((-6)/(-16)). Let n(k) = k**2 + 4*k + 2. What is n(g)?
2
Let g(z) = -6*z**3 - 2*z**2 - 11*z + 5*z**2 - 10*z + 18*z + 11*z**3. Determine g(1).
5
Suppose 3*m - 8 = m. Let i(l) = -5*l + 0 - 4 - 3*l + m*l. Suppose 2*z + 16*z + 54 = 0. What is i(z)?
8
Let a be (-24)/(-15) + 4/10. Suppose 0 = -2*i - 7*i + 36. Let r(h) = 2*h - 11*h**3 - 3*h**a - i + 10*h**3 + 0. What is r(-4)?
4
Let o(p) = -p + 4 + 14 + 12 - 9 - 15*p. What is o(1)?
5
Let q be -7 + 19/19 + -10. Let b(j) = -j**2 - 24*j - 144. Calculate b(q).
-16
Let k = 2 - 3. Let r(t) = -1. Let v(u) = -6*u - 9. Let n(z) = -6*z - 8. Let q(d) = -4*n(d) + 3*v(d). Let j(c) = -q(c) - 4*r(c). Determine j(k).
5
Let h = -2253 + 2250. Let t(a) = -2*a**2 + 2*a + 3. Give t(h).
-21
Let v(x) = -1. Let n(t) = -4*t + 5. Let o(f) = 2*n(f) + 3*v(f). Determine o(3).
-17
Let j(k) be the first derivative of 4*k - 13 + 2/3*k**3 - 1/4*k**4 + 2*k**2. Suppose 2*v - 5*g - 5 = 13, v + 3*g = -2. Calculate j(v).
-12
Let a(d) = -d**2 + 19*d + 27. Let f(g) = 2*g**3 + 46*g**2 + 39*g - 88. Let u be f(-22). What is a(u)?
-39
Let l be (-9)/36*-4*24. Let s(g) = -5 - 20*g - 3 + 4*g**2 + 2*g**3 + 3 + l*g - 2*g**2. Determine s(2).
27
Let j be ((-2)/6 - 1)*3. Let b(p) = -16*p**2 + p + 1. Let r(k) = -226*k**2 + 10*k + 18. Let a(m) = -14*b(m) + r(m). Give a(j).
-12
Let f(o) = o - 6. Let j(h) = -h**3 + 35*h**2 + 2. Let m be j(35). Let t be (-84)/(-9)*((-140)/(-49) - m). Give f(t).
2
Let a(f) = 156 - 32*f**2 + 52*f**3 + 5*f - 286*f**3 + 113*f**3 + 120*f**3. Determine a(-32).
-4
Let b(n) = -n**3 + 5*n**2 + 10*n - 17. Suppose 19*a - 42 = 14*a - 3*i, 3*i + 18 = 5*a. Give b(a).
7
Suppose 31*s + 30*s = 9 + 174. Let p(q) = -3*q**3 + 5*q**2 - 3*q - 4. Give p(s).
-49
Let y(g) = -g**2 - 7*g + 9. Let k = 39 + -37. Suppose -3*p + 3*t = -0*p - 9, 6 = -p - k*t. Suppose -4*u + u + x - 20 = p, 0 = 2*u - 4*x. Determine y(u).
1
Suppose 0 = 6*x - 88 - 200. Let j be 1/(-2)*(-82 - 4). Let p = x - j. Let n(y) = y**3 - 6*y**2 + 4*y + 4. Calculate n(p).
-1
Let n(o) be the first derivative of 7*o - 2 - 1/2*o**2. Let t be (258/30 - (16 + -8)) + (-86)/10. Calculate n(t).
15
Suppose -64*z - 613 = -z - 109. Let q(d) = d**2 + 12*d + 10. What is q(z)?
-22
Let v be (70/15 + -4)*15. Let a(z) = z**3 - 9*z**2 - 12*z + 30. Let j be a(v). Let c(y) = -y + 4. What is c(j)?
-6
Let q(a) = a**2 + 0*a - 5 + 6*a - 24 + 6. L